{"id":58,"date":"2023-08-04T17:44:17","date_gmt":"2023-08-04T17:44:17","guid":{"rendered":"http:\/\/grupogaleria.com.c25.sitepreviewer.com\/inicio?page_id=58"},"modified":"2025-12-08T12:45:00","modified_gmt":"2025-12-08T18:45:00","slug":"desarrollos","status":"publish","type":"page","link":"https:\/\/grupogaleria.com\/inicio\/home\/desarrollos\/","title":{"rendered":"Galdes"},"content":{"rendered":"\t\t<div data-elementor-type=\"wp-page\" data-elementor-id=\"58\" class=\"elementor elementor-58\" data-elementor-post-type=\"page\">\n\t\t\t\t<div class=\"elementor-element elementor-element-aae09c8 e-flex e-con-boxed e-con e-parent\" data-id=\"aae09c8\" data-element_type=\"container\" data-settings=\"{&quot;background_background&quot;:&quot;classic&quot;}\">\n\t\t\t\t\t<div class=\"e-con-inner\">\n\t\t<div class=\"elementor-element elementor-element-6160eda e-con-full e-flex e-con e-child\" data-id=\"6160eda\" data-element_type=\"container\">\n\t\t\t\t<div class=\"elementor-element elementor-element-81f0bc9 elementor-widget elementor-widget-heading\" data-id=\"81f0bc9\" data-element_type=\"widget\" data-widget_type=\"heading.default\">\n\t\t\t\t<div class=\"elementor-widget-container\">\n\t\t\t<h2 class=\"elementor-heading-title elementor-size-default\">\n<\/h2>\t\t<\/div>\n\t\t\t\t<\/div>\n\t\t\t\t<div class=\"elementor-element elementor-element-18ffb9f elementor-widget elementor-widget-heading\" data-id=\"18ffb9f\" data-element_type=\"widget\" data-widget_type=\"heading.default\">\n\t\t\t\t<div class=\"elementor-widget-container\">\n\t\t\t<h2 class=\"elementor-heading-title elementor-size-default\"><span class=\"blue\">Construye ideas<\/span>\ncon experiencias excepcionales.<\/h2>\t\t<\/div>\n\t\t\t\t<\/div>\n\t\t\t\t<\/div>\n\t\t\t\t\t<\/div>\n\t\t\t\t<\/div>\n\t\t<div class=\"elementor-element elementor-element-c07478d e-flex e-con-boxed e-con e-parent\" data-id=\"c07478d\" data-element_type=\"container\" data-settings=\"{&quot;background_background&quot;:&quot;classic&quot;}\">\n\t\t\t\t\t<div class=\"e-con-inner\">\n\t\t<div class=\"elementor-element elementor-element-fd98816 e-flex e-con-boxed e-con e-child\" data-id=\"fd98816\" data-element_type=\"container\">\n\t\t\t\t\t<div class=\"e-con-inner\">\n\t\t<div class=\"elementor-element elementor-element-cde02de e-con-full e-flex e-con e-child\" data-id=\"cde02de\" data-element_type=\"container\">\n\t\t\t\t<div class=\"elementor-element elementor-element-207cdff elementor-widget elementor-widget-text-editor\" data-id=\"207cdff\" data-element_type=\"widget\" data-widget_type=\"text-editor.default\">\n\t\t\t\t<div class=\"elementor-widget-container\">\n\t\t\t\t\t\t\t<p>Bienvenidos a<\/p>\t\t\t\t\t\t<\/div>\n\t\t\t\t<\/div>\n\t\t\t\t<div class=\"elementor-element elementor-element-16f74a4 elementor-widget elementor-widget-heading\" data-id=\"16f74a4\" data-element_type=\"widget\" data-widget_type=\"heading.default\">\n\t\t\t\t<div class=\"elementor-widget-container\">\n\t\t\t<h2 class=\"elementor-heading-title elementor-size-default\">Galdes<\/h2>\t\t<\/div>\n\t\t\t\t<\/div>\n\t\t\t\t<div class=\"elementor-element elementor-element-79e1bca elementor-widget elementor-widget-text-editor\" data-id=\"79e1bca\" data-element_type=\"widget\" data-widget_type=\"text-editor.default\">\n\t\t\t\t<div class=\"elementor-widget-container\">\n\t\t\t\t\t\t\t<p>Galdes es el motor detr\u00e1s del crecimiento y la expansi\u00f3n de nuestras marcas reconocidas: Carl&#8217;s Jr, Dunkin&#8217;, IHOP y Buffalo Wild Wings. Nuestra visi\u00f3n es llevar la experiencia \u00fanica de cada marca a nuevas ubicaciones y actualizar las existentes para superar las expectativas de nuestros clientes, creando recuerdos inolvidables en un ambiente acogedor.<\/p><p>Evaluamos cuidadosamente nuevos puntos comerciales para asegurar que sean aptos en dimensiones e instalaciones, con planos arquitect\u00f3nicos detallados. La innovaci\u00f3n es esencial para nosotros; constantemente reimaginamos nuestros restaurantes existentes con actualizaciones est\u00e9ticas y tecnol\u00f3gicas para mantenernos a la vanguardia de la industria.<\/p><p>Nuestro compromiso con la excelencia y la pasi\u00f3n por crear espacios excepcionales refleja la esencia de nuestras marcas. \u00a1Esperamos seguir creciendo y brindando experiencias inigualables en todo el pa\u00eds! Gracias por ser parte de este emocionante viaje con nosotros.<\/p>\t\t\t\t\t\t<\/div>\n\t\t\t\t<\/div>\n\t\t\t\t<\/div>\n\t\t<div class=\"elementor-element elementor-element-fd24039 e-con-full e-flex e-con e-child\" data-id=\"fd24039\" data-element_type=\"container\">\n\t\t\t\t<div class=\"elementor-element elementor-element-b5683c6 elementor-widget__width-inherit elementor-widget elementor-widget-image-carousel\" data-id=\"b5683c6\" data-element_type=\"widget\" data-settings=\"{&quot;slides_to_show&quot;:&quot;1&quot;,&quot;navigation&quot;:&quot;none&quot;,&quot;effect&quot;:&quot;fade&quot;,&quot;autoplay&quot;:&quot;yes&quot;,&quot;pause_on_hover&quot;:&quot;yes&quot;,&quot;pause_on_interaction&quot;:&quot;yes&quot;,&quot;autoplay_speed&quot;:5000,&quot;infinite&quot;:&quot;yes&quot;,&quot;speed&quot;:500}\" data-widget_type=\"image-carousel.default\">\n\t\t\t\t<div class=\"elementor-widget-container\">\n\t\t\t\t\t<div class=\"elementor-image-carousel-wrapper swiper\" dir=\"ltr\">\n\t\t\t<div class=\"elementor-image-carousel swiper-wrapper swiper-image-stretch\" aria-live=\"off\">\n\t\t\t\t\t\t\t\t<div class=\"swiper-slide\" role=\"group\" aria-roledescription=\"slide\" aria-label=\"1 de 4\"><figure class=\"swiper-slide-inner\"><img decoding=\"async\" class=\"swiper-slide-image\" src=\"https:\/\/grupogaleria.com\/inicio\/home\/wp-content\/uploads\/2025\/12\/77agencia001-10-scaled.jpg\" alt=\"\" \/><\/figure><\/div><div class=\"swiper-slide\" role=\"group\" aria-roledescription=\"slide\" aria-label=\"2 de 4\"><figure class=\"swiper-slide-inner\"><img decoding=\"async\" class=\"swiper-slide-image\" src=\"https:\/\/grupogaleria.com\/inicio\/home\/wp-content\/uploads\/2025\/12\/77agencia001-144-scaled.jpg\" alt=\"\" \/><\/figure><\/div><div class=\"swiper-slide\" role=\"group\" aria-roledescription=\"slide\" aria-label=\"3 de 4\"><figure class=\"swiper-slide-inner\"><img decoding=\"async\" class=\"swiper-slide-image\" src=\"https:\/\/grupogaleria.com\/inicio\/home\/wp-content\/uploads\/2025\/12\/6a095ed9-0c7a-4d33-b531-8526ac5e67e1.jpg\" alt=\"\" \/><\/figure><\/div><div class=\"swiper-slide\" role=\"group\" aria-roledescription=\"slide\" aria-label=\"4 de 4\"><figure class=\"swiper-slide-inner\"><img decoding=\"async\" class=\"swiper-slide-image\" src=\"https:\/\/grupogaleria.com\/inicio\/home\/wp-content\/uploads\/2025\/12\/ba42ab18-cf28-410e-832c-1a2e4301db6c.jpg\" alt=\"\" \/><\/figure><\/div>\t\t\t<\/div>\n\t\t\t\t\t\t\t\n\t\t\t\t\t\t\t\t\t<\/div>\n\t\t\t\t<\/div>\n\t\t\t\t<\/div>\n\t\t\t\t<\/div>\n\t\t\t\t\t<\/div>\n\t\t\t\t<\/div>\n\t\t\t\t\t<\/div>\n\t\t\t\t<\/div>\n\t\t<div class=\"elementor-element elementor-element-e516a1a e-flex e-con-boxed e-con e-parent\" data-id=\"e516a1a\" data-element_type=\"container\">\n\t\t\t\t\t<div class=\"e-con-inner\">\n\t\t\t\t<div class=\"elementor-element elementor-element-b9aafda elementor-widget elementor-widget-spacer\" data-id=\"b9aafda\" data-element_type=\"widget\" data-widget_type=\"spacer.default\">\n\t\t\t\t<div class=\"elementor-widget-container\">\n\t\t\t\t\t<div class=\"elementor-spacer\">\n\t\t\t<div class=\"elementor-spacer-inner\"><\/div>\n\t\t<\/div>\n\t\t\t\t<\/div>\n\t\t\t\t<\/div>\n\t\t\t\t<div class=\"elementor-element elementor-element-8dac543 elementor-widget elementor-widget-heading\" data-id=\"8dac543\" data-element_type=\"widget\" data-widget_type=\"heading.default\">\n\t\t\t\t<div class=\"elementor-widget-container\">\n\t\t\t<h2 class=\"elementor-heading-title elementor-size-default\">\u00a1Nuevos proyectos!<\/h2>\t\t<\/div>\n\t\t\t\t<\/div>\n\t\t\t\t<div class=\"elementor-element elementor-element-bfd118b elementor-widget-divider--view-line elementor-widget elementor-widget-divider\" data-id=\"bfd118b\" data-element_type=\"widget\" data-widget_type=\"divider.default\">\n\t\t\t\t<div class=\"elementor-widget-container\">\n\t\t\t\t\t<div class=\"elementor-divider\">\n\t\t\t<span class=\"elementor-divider-separator\">\n\t\t\t\t\t\t<\/span>\n\t\t<\/div>\n\t\t\t\t<\/div>\n\t\t\t\t<\/div>\n\t\t\t\t\t<\/div>\n\t\t\t\t<\/div>\n\t\t<div class=\"elementor-element elementor-element-4ed09e9 e-flex e-con-boxed e-con e-parent\" data-id=\"4ed09e9\" data-element_type=\"container\">\n\t\t\t\t\t<div class=\"e-con-inner\">\n\t\t<div class=\"elementor-element elementor-element-98e4826 e-con-full e-flex e-con e-child\" data-id=\"98e4826\" data-element_type=\"container\">\n\t\t\t\t<div class=\"elementor-element elementor-element-46a5d98 elementor-widget elementor-widget-image\" data-id=\"46a5d98\" data-element_type=\"widget\" data-widget_type=\"image.default\">\n\t\t\t\t<div class=\"elementor-widget-container\">\n\t\t\t\t\t\t\t\t\t\t\t\t\t<img fetchpriority=\"high\" decoding=\"async\" width=\"771\" height=\"541\" src=\"https:\/\/grupogaleria.com\/inicio\/home\/wp-content\/uploads\/2023\/08\/Objeto-inteligente-vectorial.png\" class=\"attachment-large size-large wp-image-1777\" alt=\"\" srcset=\"https:\/\/grupogaleria.com\/inicio\/home\/wp-content\/uploads\/2023\/08\/Objeto-inteligente-vectorial.png 771w, https:\/\/grupogaleria.com\/inicio\/home\/wp-content\/uploads\/2023\/08\/Objeto-inteligente-vectorial-300x211.png 300w, https:\/\/grupogaleria.com\/inicio\/home\/wp-content\/uploads\/2023\/08\/Objeto-inteligente-vectorial-768x539.png 768w\" sizes=\"(max-width: 771px) 100vw, 771px\" \/>\t\t\t\t\t\t\t\t\t\t\t\t\t<\/div>\n\t\t\t\t<\/div>\n\t\t\t\t<\/div>\n\t\t<div class=\"elementor-element elementor-element-1aec719 e-con-full e-flex e-con e-child\" data-id=\"1aec719\" data-element_type=\"container\">\n\t\t<div class=\"elementor-element elementor-element-49d8a39 e-con-full e-flex e-con e-child\" data-id=\"49d8a39\" data-element_type=\"container\">\n\t\t\t\t<div class=\"elementor-element elementor-element-eec0b03 elementor-widget elementor-widget-heading\" data-id=\"eec0b03\" data-element_type=\"widget\" data-widget_type=\"heading.default\">\n\t\t\t\t<div class=\"elementor-widget-container\">\n\t\t\t<h2 class=\"elementor-heading-title elementor-size-default\">Galer\u00eda Parque Comercial<\/h2>\t\t<\/div>\n\t\t\t\t<\/div>\n\t\t\t\t<\/div>\n\t\t<div class=\"elementor-element elementor-element-f4ac194 e-con-full e-flex e-con e-child\" data-id=\"f4ac194\" data-element_type=\"container\">\n\t\t\t\t<div class=\"elementor-element elementor-element-62822dc elementor-widget elementor-widget-text-editor\" data-id=\"62822dc\" data-element_type=\"widget\" data-widget_type=\"text-editor.default\">\n\t\t\t\t<div class=\"elementor-widget-container\">\n\t\t\t\t\t\t\t<p class=\"p1\">El innovador concepto que combina un parque industrial de primer nivel con un emocionante showroom.<\/p><p class=\"p1\">Ubicado estrat\u00e9gicamente en la pr\u00f3spera ciudad de Saltillo, Galer\u00eda Parque Comercial est\u00e1 dise\u00f1ado para satisfacer las necesidades de las empresas m\u00e1s exigentes, ofreciendo un entorno moderno y din\u00e1mico para el desarrollo de negocios.<\/p>\t\t\t\t\t\t<\/div>\n\t\t\t\t<\/div>\n\t\t\t\t<\/div>\n\t\t\t\t<\/div>\n\t\t\t\t\t<\/div>\n\t\t\t\t<\/div>\n\t\t\t\t<\/div>\n\t\t","protected":false},"excerpt":{"rendered":"<p>Construye ideas con experiencias excepcionales. Bienvenidos a Galdes Galdes es el motor detr\u00e1s del crecimiento y la expansi\u00f3n de nuestras marcas reconocidas: Carl&#8217;s Jr, Dunkin&#8217;, IHOP y Buffalo Wild Wings. Nuestra visi\u00f3n es llevar la experiencia \u00fanica de cada marca a nuevas ubicaciones y actualizar las existentes para superar las expectativas de nuestros clientes, creando [&hellip;]<\/p>\n","protected":false},"author":1,"featured_media":0,"parent":0,"menu_order":0,"comment_status":"closed","ping_status":"closed","template":"","meta":{"footnotes":""},"class_list":["post-58","page","type-page","status-publish","hentry"],"_links":{"self":[{"href":"https:\/\/grupogaleria.com\/inicio\/home\/wp-json\/wp\/v2\/pages\/58","targetHints":{"allow":["GET"]}}],"collection":[{"href":"https:\/\/grupogaleria.com\/inicio\/home\/wp-json\/wp\/v2\/pages"}],"about":[{"href":"https:\/\/grupogaleria.com\/inicio\/home\/wp-json\/wp\/v2\/types\/page"}],"author":[{"embeddable":true,"href":"https:\/\/grupogaleria.com\/inicio\/home\/wp-json\/wp\/v2\/users\/1"}],"replies":[{"embeddable":true,"href":"https:\/\/grupogaleria.com\/inicio\/home\/wp-json\/wp\/v2\/comments?post=58"}],"version-history":[{"count":42,"href":"https:\/\/grupogaleria.com\/inicio\/home\/wp-json\/wp\/v2\/pages\/58\/revisions"}],"predecessor-version":[{"id":2669,"href":"https:\/\/grupogaleria.com\/inicio\/home\/wp-json\/wp\/v2\/pages\/58\/revisions\/2669"}],"wp:attachment":[{"href":"https:\/\/grupogaleria.com\/inicio\/home\/wp-json\/wp\/v2\/media?parent=58"}],"curies":[{"name":"wp","href":"https:\/\/api.w.org\/{rel}","templated":true}]}}